4
Let w = -24 - -63. Calculate the highest common factor of 3 and w.
3
Let v = -155 - -165. What is the highest common divisor of 50 and v?
10
Suppose 0 = 3*a + 9, -3*b + 0*a + a = -12. Suppose -6*n + 26 = -2*v - 2*n, -21 = 2*v - b*n. Let k = v + 7. Calculate the greatest common divisor of k and 2.
2
Let s(b) = b**3 + 20*b**2 - 21*b + 7. Let o be s(-21). Let j = -11 - -47. Suppose 4*x - j = 104. What is the greatest common divisor of o and x?
7
Suppose -a - 5*h = -32, 2*a - 49 = -5*h + 25. Calculate the highest common factor of a and 112.
14
Let k(n) be the first derivative of 5*n**2 - 15*n + 1. Let w be k(12). What is the highest common divisor of 15 and w?
15
Suppose 0*t - t = -42. Calculate the highest common factor of t and 14.
14
Suppose 3*u = k - 15, 2*k - k + 3*u = 3. Let t = -5 + k. Suppose -3*b + 5*c = -t*b + 11, b = -c + 11. What is the greatest common factor of 99 and b?
11
Let u be 88/(3 + -1) - -1. Suppose -15 = -5*p, 3*d - 5*p + 3*p - 3 = 0. Suppose 0 = -i + d*i - 10. What is the greatest common divisor of u and i?
5
Let x = 67 + -37. What is the highest common factor of x and 45?
15
Let c = -21 - -20. Let l be (c + -4)*(3 + -5). Calculate the highest common divisor of 30 and l.
10
Let q = 14 - 4. Let j be 2/(-7) - 5688/(-63). What is the highest common divisor of j and q?
10
Suppose 5*z = z + 48. Let c be 1/(-1) - (0 - 1). Suppose c = -5*d + 3*d - 3*h + 20, -d = 3*h - 16. What is the greatest common divisor of d and z?
4
Let i be 56/40 + (-4)/10. Let k be (-1 - -2) + 27/i. Calculate the highest common factor of k and 70.
14
Suppose 0 = 5*t - 0*t - 385. What is the greatest common factor of t and 7?
7
Let y(k) = -k**3 - 9*k**2 - 11*k - 9. Let s = -18 - -9. Let j be y(s). What is the highest common divisor of 10 and j?
10
Let l(x) be the first derivative of x**4/4 + 2*x**3 + 2*x**2 - 6*x + 10. Let f be l(-4). What is the greatest common divisor of f and 80?
10
Suppose 4*o = -5*q + 40, -2*o - 3*o - 25 = 0. Let k be 7*(-6)/28*-8. Calculate the highest common divisor of q and k.
12
Let n be 54*-4*3/(-18). Calculate the greatest common factor of 9 and n.
9
Let j be 767/5 - (-4)/(-10). What is the highest common divisor of j and 17?
17
Let p(i) = -i**3 + 25*i**2 - 45*i + 31. Let s be p(23). What is the highest common factor of 6 and s?
6
Let z be 10/(-3)*558/(-155). Let k(t) = t**3 + 10*t**2 + 4*t + 3. Let o be k(-5). What is the highest common factor of o and z?
12
Suppose -3*k = -17 - 1. Calculate the greatest common factor of 2 and k.
2
Let c(i) = -3*i**2 - 28*i - 13. Let v be c(-8). What is the highest common factor of 57 and v?
19
Suppose -3*m + 22 + 5 = 0. Let q(o) = -o**2 - 29*o - 73. Let x be q(-25). What is the greatest common factor of x and m?
9
Let t(q) = q**2 - 4*q - 35. Let f be t(-10). What is the greatest common factor of f and 35?
35
Let a be 3 - (5 + -3) - -39. Suppose -3*p + a = 2*p. Calculate the greatest common factor of 88 and p.
8
Let l(m) = -m. Let t be l(-5). Let g be 10/t + 64/1. Suppose 3*v + 7 = 25. Calculate the greatest common divisor of g and v.
6
Let u(l) = 64*l**2 + l + 1. Let z be u(-1). Suppose 0 = -3*k - k + z. Calculate the greatest common factor of k and 16.
16
Let d(v) = v**3 + 7*v**2 - 8*v - 10. Let c be d(-8). Let b = 22 + c. What is the greatest common divisor of b and 30?
6
Let z be 4/((-2 - -6) + -3). Calculate the greatest common divisor of 40 and z.
4
Let i be 3/12 + (-126)/(-8). What is the highest common divisor of 112 and i?
16
Let j = 691 + -391. Suppose o + 4*o = j. What is the highest common factor of o and 6?
6
Let l = 186 + -84. What is the greatest common factor of 153 and l?
51
Suppose -5*w + 61 - 16 = 0. Let k = 16 + 20. What is the highest common divisor of k and w?
9
Suppose 3*y + v - 14 = 24, 0 = 5*y + 5*v - 80. What is the greatest common factor of y and 44?
11
Let f be (-3)/(-5) + (-140)/25. Let j = f - -15. What is the greatest common divisor of j and 110?
10
Suppose -4*g - 2*m + 634 = 0, -2*m - 472 = -7*g + 4*g. Let b = g - 98. Calculate the highest common factor of b and 12.
12
Let b(w) = w**3 - 9*w**2 + 5*w + 3. Let k be b(7). Let s = -20 - k. Let r be (9/(225/(-160)))/((-8)/20). Calculate the greatest common divisor of r and s.
8
Let j(l) = -l**3 + 10*l**2 + 10*l + 16. Let c be j(11). Let q be 1/(-2)*-34*c. Calculate the greatest common factor of 34 and q.
17
Suppose -4*g - 100 = -3*p, 3*p + 58 - 168 = -g. Calculate the highest common factor of 4 and p.
4
Suppose 22 + 29 = 3*v - j, 3*v + 2*j - 42 = 0. Let g = v + -6. Let x be (0 + -3)*20/(-6). Calculate the highest common divisor of x and g.
10
Suppose 0 = -3*p - 0*p - 2*f + 168, -2*p + 96 = -4*f. Calculate the greatest common divisor of 6 and p.
6
Let i be (-34)/(-3) - ((-7)/(-3))/7. Calculate the greatest common divisor of i and 11.
11
Let a = 102 - 78. What is the greatest common divisor of a and 8?
8
Suppose -2*s + 309 = -3*x, -x - 476 = -3*s + x. What is the greatest common factor of s and 18?
18
Let k = -64 + 110. Calculate the greatest common factor of 23 and k.
23
Let u = 5 - -6. Let d(h) = 77*h**2 + h + 1. Let b be d(-1). What is the highest common divisor of u and b?
11
Suppose 115 = 3*d + 5*c, -3*c = d + 2*c - 35. Calculate the highest common divisor of d and 10.
10
Let p be 1/(1 - (-30)/(-31)). What is the greatest common divisor of p and 248?
31
Suppose 3*r - 6 = -j + 5, -2*j - r + 17 = 0. Suppose -5*p + 37 = 4*t, -2*p + 4 = 5*t - 38. Calculate the greatest common divisor of j and t.
8
Suppose -2*g - 3*o - 8 + 1 = 0, 2*g - 5*o = 17. What is the highest common divisor of g and 9?
1
Let y be 2*4 - (-12)/(-4). Suppose 2*n + 0*n = 90. What is the highest common divisor of n and y?
5
Suppose -5*p + 2*a + a - 7 = 0, -2*p - a + 6 = 0. Calculate the highest common factor of 9 and p.
1
Suppose -5*f + 3*o = -88, 3*f - 5*o - 2 = 54. What is the greatest common divisor of f and 34?
17
Let q = 23 + 92. What is the highest common divisor of q and 5?
5
Suppose 5*u = z - 384, -542 = -4*z + 2*u + 922. Calculate the highest common divisor of 28 and z.
28
Suppose l + 22 = 2*l. Let w be l/8*(0 + -4). Let h be (-2)/w - (-53)/11. Calculate the highest common factor of 30 and h.
5
Let q(x) = -x + 7. Let w be q(6). Let n be ((-190)/57)/(2/(-3)). What is the greatest common factor of w and n?
1
Suppose 3*r + 202 = 61. Suppose l + 0*v = 2*v - 17, -4*v = 4*l + 56. Let t = l - r. Calculate the greatest common factor of 80 and t.
16
Let x(c) be the first derivative of -c**4/4 + 2*c**3 + 9*c**2/2 - 1. Let d be x(7). Let n = 204 + -92. What is the greatest common factor of n and d?
14
Let l = 64 - 61. What is the highest common divisor of l and 2?
1
Suppose -5*f = -5*t - 80, 0 = 3*f + t - 75 + 23. Calculate the highest common divisor of f and 170.
17
Let p be (-124)/(-8) - (-1)/(-2). What is the greatest common factor of 120 and p?
15
Let b be -5 + 0/(2/(-2)). Let i(w) = 2*w**2 + 5*w + 1. Let y be i(b). Let x = y - 13. What is the greatest common factor of x and 117?
13
Let a(g) = g - 13. Let q be a(15). Suppose -2*w - q = 0, 0*t - 4*w = 3*t - 59. Calculate the highest common factor of 42 and t.
21
Let i(a) = -a - 10. Let p be i(-13). Calculate the highest common factor of 33 and p.
3
Suppose 4*r - 2*q + 20 = -q, 20 = -4*r + 4*q. Let o(y) = y**2 + 5*y + 7. Let b be o(r). Calculate the highest common factor of b and 7.
7
Suppose -3*x = 2*a - 416, 3*x - 3*a + 6*a - 414 = 0. Calculate the highest common factor of 14 and x.
14
Suppose 0 = 4*m - 10*m + 66. Calculate the highest common factor of m and 22.
11
Let i(h) be the first derivative of 7*h**2 - 4*h - 1. Let w be i(4). What is the greatest common divisor of w and 13?
13
Suppose -19*l = -24*l + 120. Calculate the greatest common divisor of 192 and l.
24
Let l be 76/(-18) + (-4)/(-18). Let t = 4 - l. Suppose 5*w = 12 + t. What is the highest common factor of 32 and w?
4
Let u = 0 + 1. Let c = u - -2. Let i = 48 + -21. What is the highest common factor of c and i?
3
Let y(c) = c + 77. Let s be y(0). What is the highest common factor of s and 7?
7
Suppose 2*u + 0*u - 386 = -2*h, 5*u + 211 = h. Calculate the highest common divisor of 28 and h.
28
Let u = 1 + -3. Let b be (u - -112) + 1 - 1. Suppose 0 = 2*y - 30 - b. What is the greatest common divisor of 10 and y?
10
Suppose 15 - 6 = 3*